12*a**2 - 10*a + 5. Calculate w(11).
16
Let d(f) = f**3 + 24*f**2 + 22*f + 13. What is d(-23)?
36
Let n(s) = -s**3 - 18*s**2 - 29*s + 17. Give n(-16).
-31
Let v(q) = -q**3 + 15*q**2 - 26*q + 8. Give v(13).
8
Let c(z) = 10*z - 4. Determine c(1).
6
Let q(h) = 4*h**2 - h + 3. Determine q(3).
36
Let n(z) = -18*z**2 - z + 2. Give n(-2).
-68
Let a(k) = 7*k + 12. Determine a(-5).
-23
Let z(f) = -f**3 - 4*f**2 + 4*f + 8. Give z(-5).
13
Let k(j) = 2*j**2 + 33*j + 10. Determine k(-16).
-6
Let s(p) = p**3 - 16*p**2 + 14*p + 17. Calculate s(15).
2
Let i(z) = z**2 - 9*z - 129. Determine i(-8).
7
Let g(h) = -h**3 - 7*h**2 - 5*h - 5. Give g(-7).
30
Let x(t) = t**3 - 2*t**2 - 2*t + 10. Calculate x(2).
6
Let g(c) = c - 9. Determine g(0).
-9
Let d(r) = -r - 13. Determine d(15).
-28
Let i(n) = n**2 + 4*n - 7. What is i(-4)?
-7
Let j(c) = -c**3 + 9*c**2 - 4*c - 13. Determine j(9).
-49
Let b(d) = 2*d**3 - 2*d**2 - 4*d + 4. Calculate b(3).
28
Let y(n) = n**2 - 14*n - 215. Calculate y(-9).
-8
Let q(f) = f**2 + 13. What is q(0)?
13
Let m(i) = -i + 2. Calculate m(8).
-6
Let b(t) = -t**2 - 24*t - 98. Calculate b(-5).
-3
Let q(w) = 2*w**2 - 10*w + 7. Determine q(5).
7
Let x(c) = 4*c + 118. What is x(-35)?
-22
Let r(b) = -b**2 + 19*b - 83. Give r(6).
-5
Let u(i) = -31*i + 305. Determine u(10).
-5
Let v(d) = 2*d + 26. Determine v(5).
36
Let r(o) = 4*o**2 - o - 16. Determine r(6).
122
Let v(c) = -c**2 - 15*c - 55. Calculate v(-10).
-5
Let z(w) = 3*w - 55. What is z(19)?
2
Let c(o) = -64*o**2 + 3*o + 4. What is c(-1)?
-63
Let u(t) = -4*t**2 + 24*t - 4. Give u(6).
-4
Let u(x) = 5*x + 17. Give u(-7).
-18
Let a(x) = x**3 + 2*x**2 - 5*x + 5. Give a(3).
35
Let d(o) = o**3 - 7*o**2 + 2*o - 4. Calculate d(7).
10
Let p(a) = -3*a - 9. Give p(-4).
3
Let p(g) = 2*g**3 - 63*g**2 + 30*g + 25. Calculate p(31).
-6
Let b(v) = -v + 5. What is b(2)?
3
Let c(t) = 26*t. What is c(-1)?
-26
Let a(t) = -9*t - 16. Calculate a(1).
-25
Let g(v) = -v + 4. Determine g(7).
-3
Let s(q) = -2*q**3 + 12*q**2 - 5*q - 10. Give s(5).
15
Let t(d) = -d**2 - 10*d - 15. What is t(-5)?
10
Let b(u) = -2*u**2 + 23*u + 12. What is b(12)?
0
Let s(l) = 15*l - 11. Give s(-2).
-41
Let z(f) = f**3 - 6*f**2 - 8*f + 3. Give z(6).
-45
Let r(d) = 9*d**3 - 2*d**2 + 2*d - 1. Give r(1).
8
Let r(g) = 8*g**3 - 2*g**2 + 2*g - 1. What is r(1)?
7
Let z(w) = -130*w - 917. Determine z(-7).
-7
Let d(c) = -c**3 + 5*c**2 + 14*c + 9. Calculate d(7).
9
Let p(t) = 8*t - 26. What is p(3)?
-2
Let y(m) = 2*m**2 + 2*m - 3. Calculate y(3).
21
Let q(h) = 2*h + 70. Determine q(-34).
2
Let q(k) = k**2 + 4*k - 173. Give q(11).
-8
Let u(w) = 37*w - 1. Give u(-1).
-38
Let o(n) = -11*n + 200. Determine o(21).
-31
Let m(b) = 3*b**2 - 22*b - 18. Calculate m(8).
-2
Let h(k) = -k**3 + 27*k**2 + 3*k - 42. Give h(27).
39
Let m(c) = c**3 - c**2 - 7. What is m(2)?
-3
Let q(p) = -p**2 + 26*p - 13. Determine q(25).
12
Let h(d) = -2*d**3 + d**2 - 20*d + 36. Calculate h(0).
36
Let s(i) = -2*i**2 + 8*i - 5. What is s(-4)?
-69
Let b(l) = -l**3 - 11*l**2 - 7*l + 9. Determine b(-10).
-21
Let r(i) = 76*i - 3. What is r(1)?
73
Let z(s) = -s**3 + s**2 + s - 1. Calculate z(3).
-16
Let q(u) = -u**2 - 2*u - 3. What is q(-6)?
-27
Let i(z) = z**2 + 32*z + 87. Calculate i(-29).
0
Let h(a) = a**3 + 11*a**2 - 18*a - 70. What is h(-12)?
2
Let q(c) = c**3 + 3*c**2 - c + 5. Give q(-3).
8
Let s(w) = -w**3 - 11*w**2 + w - 17. Determine s(-12).
115
Let d(f) = -f**3 - 7*f**2 - 8*f - 9. Determine d(-5).
-19
Let z(c) = -49*c - 215. What is z(-4)?
-19
Let b(o) = 12*o + 32. What is b(-3)?
-4
Let z(u) = 25*u + 47. What is z(-8)?
-153
Let l(x) = -x**3 + 22*x**2 + 49*x - 21. Determine l(24).
3
Let c(o) = o**3 - 8*o**2 + 10*o + 10. Give c(6).
-2
Let u(g) = -10*g**3 - g**2 + 9*g - 9. Determine u(1).
-11
Let x(u) = -u**3 + 2*u**2 + 5*u + 2. What is x(4)?
-10
Let k(h) = 13*h + 142. Calculate k(-10).
12
Let a(l) = l**3 + 39*l**2 + 37*l - 36. What is a(-38)?
2
Let y(a) = -2*a**2 + a + 8. Determine y(-3).
-13
Let c(u) = u**3 - 38*u**2 + 36*u + 31. Give c(37).
-6
Let k(m) = -5*m + 18. Calculate k(6).
-12
Let h(b) = 14*b**3 - 2*b**2 + b. Give h(1).
13
Let v(p) = -2*p**3 + 14*p**2 + p - 9. Calculate v(7).
-2
Let j(h) = -2*h + 12. What is j(-6)?
24
Let w(v) = -2*v**2 + v - 4. Calculate w(-4).
-40
Let k(a) = 2*a + 8. What is k(-4)?
0
Let x(z) = z**3 + 8*z**2 + 4*z + 7. Give x(-7).
28
Let t(x) = 7*x - 11. What is t(-4)?
-39
Let k(g) = -5*g + 73. What is k(14)?
3
Let p(g) = 6*g - 24. Calculate p(4).
0
Let h(f) = 6*f + 2. What is h(2)?
14
Let i(v) = v**3 - 17*v**2 + v - 17. Give i(17).
0
Let m(z) = 4*z + 7. Calculate m(-8).
-25
Let q(j) = -2*j**3 - 3*j**2 - j + 2. Calculate q(-2).
8
Let a(t) = t**2 + 6*t - 6. Give a(-7).
1
Let u(c) = -3*c + 2. What is u(2)?
-4
Let v(g) = 7*g - 1. Calculate v(2).
13
Let b(l) = -4*l + 6. Calculate b(-6).
30
Let g(v) = -v**2 - 21*v + 6. Calculate g(-20).
26
Let z(s) = -s**2 + 11*s - 14. Give z(10).
-4
Let t(x) = 2*x**2 - 11*x - 36. Give t(9).
27
Let i(r) = -20*r + 137. Determine i(7).
-3
Let p(k) = -2*k**3 - 1. Give p(2).
-17
Let z(o) = -o**3 + 10*o**2 + 11*o + 25. What is z(11)?
25
Let j(l) = 2*l**2 + 6*l + 5. What is j(-4)?
13
Let n(v) = -29*v + 2. Calculate n(2).
-56
Let l(o) = -o**3 - 8*o**2 - 2*o + 7. Calculate l(-8).
23
Let d(q) = -2*q - 11. What is d(-4)?
-3
Let u(q) = 27*q. Determine u(-1).
-27
Let p(n) = 4*n**3 + 3*n**2 + 4*n - 3. Give p(3).
144
Let r(s) = -11*s**2 + 10*s - 9. Determine r(1).
-10
Let w(r) = r**2 + 8*r - 14. Determine w(-8).
-14
Let w(n) = 67*n + 2. Calculate w(0).
2
Let u(k) = k**3 - 12*k**2 + 15*k - 36. Give u(11).
8
Let y(l) = 44*l + 17. What is y(-2)?
-71
Let q(b) = b**2 + 5*b + 12. Determine q(-3).
6
Let m(t) = -t**2 + 4*t + 23. Give m(6).
11
Let h(i) = -i**3 + 12*i**2 - 16*i + 12. Calculate h(10).
52
Let w(u) = -17*u - 497. Determine w(-29).
-4
Let m(z) = 4*z**2 + 32*z + 55. Give m(-3).
-5
Let s(u) = u**2 + 19*u + 39. Calculate s(-18).
21
Let t(j) = j**3 + 8*j**2 + 7*j + 1. Determine t(-7).
1
Let r(a) = -a**3 + 3*a**2 - 4*a - 3. Determine r(2).
-7
Let u(h) = 15*h**3 + 3*h**2 - 2*h + 4. Calculate u(2).
132
Let g(y) = 2*y + 18. Calculate g(-12).
-6
Let f(q) = 2*q. Give f(4).
8
Let x(y) = -2*y - 11. Give x(-4).
-3
Let c(y) = y + 17. Determine c(-18).
-1
Let k(o) = 4*o**2 - 13*o + 6. Calculate k(3).
3
Let z(l) = l**2 - 6*l - 1. Give z(6).
-1
Let r(z) = 2*z + 2. Calculate r(-5).
-8
Let a(l) = -l + 11. Give a(5).
6
Let k(l) = -l - 10. Determine k(-16).
6
Let z(w) = -w**3 + 12*w**2 + 12*w + 22. Give z(13).
9
Let c(k) = 3*k**2 - 152*k + 510. What is c(47)?
-7
Let u(k) = 42*k**3 - 28*k + 27. Calculate u(1).
41
Let x(j) = -j**3 + 17*j**2 - 16*j + 3. Determine x(16).
3
Let r(w) = -w**2 - 3*w + 8. Calculate r(2).
-2
Let f(c) = 6*c - 28. What is f(6)?
8
Let f(p) = p**2 - 5*p + 4. Determine f(5).
4
Let c(l) = -l**3 + 3*l**2 + 28*l + 5. Determine c(7).
5
Let i(j) = j**3 + 5*j**2 + 3*j + 4. What is i(-5)?
-11
Let c(t) = t**3 + 8*t**2 + 6*t - 4. Determine c(-6).
32
Let t(q) = -31*q + 32. What is t(3)?
-61
Let f(r) = -2*r**2 - 4*r. Determine f(0).
0
Let a(c) = -c**2 + 19*c + 23. Determine a(20).
3
Let g(x) = -x**3 - 20*x**2 + 21*x + 20. Calculate g(-21).
20
Let s(a) = -5*a**3 + 3*a**2 - 3*a + 2. What is s(2)?
-32
Let h(j) = -21*j + 11. What is h(0)?
11
Let b(l) = -l**2 + 140. Calculate b(-12).
-4
Let h(d) = d**2 + 5*d - 94. Calculate h(0).
-94
Let z(h) = 58*h**3 + 3*h**2 - 6*h + 4. Calculate z(1).
59
Let u(i) = 13*i**3 - 3*i**2 - 5*i - 2. Calculate u(-1).
-13
Let i(y) = 2*y**3 - 10*y**2 + 8*y - 25. Determine i(5).
15
Let t(s) = s**2 + 22*s + 90. Determine t(-6).
-6
Let b(o) = -o**3 + o**2 + 2*o + 1. What is b(-1)?
1
Let m(v) = -4*v + 46. Calculate m(6).
22
Let g(s) = 19*s + 4. Determine g(-2).
-34
Let a(v) = v**3 + 2*v**2 - 15*v + 1. What is a(-5)?
1
Let d(o) = o**3 - 3*o**2 - 3*o. Calculate d(4).
4
Let d(j) = -6*j + 51. What is d(6)?
15
Let f(t) = -t**3 + 9*t**2 - 9*t - 8. Calculate f(7).
27
Let b(w) = -3*w. Calculate b(-8).
24
Let z(h) = 21*h + 299. Give z(-14).
5
Let z(c) = c**2 - 3*c + 9. Calculate z(5).
19
Let w(q) = -14*q**3 + q**2 + q. Calculate w(-1).
14
Let g(d) = d**3 + 18*d**2 + 18*d + 8. Give g(-17).
-9
Let c(s) = 2*s - 32. Determine c(13).
-6
Let z(f) = -f**2 + 4*f + 52. Determine z(10).
-8
Let u(x) = x**3 + 5*x**2 + 4*x - 3. What is u(-3)?
3
Let 